{"id":38268,"date":"2024-11-24T09:57:31","date_gmt":"2024-11-24T08:57:31","guid":{"rendered":"https:\/\/www.tems-us.si\/tems\/product\/hogert-sabljasta-zagabat-4ahpolnbmc\/"},"modified":"2024-11-24T09:57:31","modified_gmt":"2024-11-24T08:57:31","slug":"hogert-sabljasta-zagabat-4ahpolnbmc","status":"publish","type":"product","link":"https:\/\/www.tems-us.si\/tems\/product\/hogert-sabljasta-zagabat-4ahpolnbmc\/","title":{"rendered":"HOGERT SABLJASTA \u017dAGA+BAT.4Ah+POLN+BMC"},"content":{"rendered":"<p>BREZKRTA\u010cNA BREZ\u017dI\u010cNA SABLJASTA \u017dAGA 18V+ BATERIJA 4.0 18V + POLNILEC 4A 18V + BMC<br \/>Artikel se prodaja na KOS<\/p>\n","protected":false},"excerpt":{"rendered":"<p>HT2E252-B14RS<\/p>\n","protected":false},"featured_media":38267,"template":"","meta":[],"product_brand":[],"product_cat":[803,857],"product_tag":[],"class_list":{"0":"post-38268","1":"product","2":"type-product","3":"status-publish","4":"has-post-thumbnail","6":"product_cat-elektricno","7":"product_cat-razno-15","9":"first","10":"onbackorder","11":"taxable","12":"shipping-taxable","13":"purchasable","14":"product-type-simple"},"_links":{"self":[{"href":"https:\/\/www.tems-us.si\/tems\/wp-json\/wp\/v2\/product\/38268","targetHints":{"allow":["GET"]}}],"collection":[{"href":"https:\/\/www.tems-us.si\/tems\/wp-json\/wp\/v2\/product"}],"about":[{"href":"https:\/\/www.tems-us.si\/tems\/wp-json\/wp\/v2\/types\/product"}],"version-history":[{"count":0,"href":"https:\/\/www.tems-us.si\/tems\/wp-json\/wp\/v2\/product\/38268\/revisions"}],"wp:featuredmedia":[{"embeddable":true,"href":"https:\/\/www.tems-us.si\/tems\/wp-json\/wp\/v2\/media\/38267"}],"wp:attachment":[{"href":"https:\/\/www.tems-us.si\/tems\/wp-json\/wp\/v2\/media?parent=38268"}],"wp:term":[{"taxonomy":"product_brand","embeddable":true,"href":"https:\/\/www.tems-us.si\/tems\/wp-json\/wp\/v2\/product_brand?post=38268"},{"taxonomy":"product_cat","embeddable":true,"href":"https:\/\/www.tems-us.si\/tems\/wp-json\/wp\/v2\/product_cat?post=38268"},{"taxonomy":"product_tag","embeddable":true,"href":"https:\/\/www.tems-us.si\/tems\/wp-json\/wp\/v2\/product_tag?post=38268"}],"curies":[{"name":"wp","href":"https:\/\/api.w.org\/{rel}","templated":true}]}}